 -15 + f - f**3 - 3*f**2 - 4*f + x. What is h(-2)?
1
Let p(c) = -c**3 - 8*c**2 - 3. Let i be (-1 - (0/(-3) + 4)) + -3. Determine p(i).
-3
Let v be 3/(1 + 2) + 1. Let p be v*-3*(-3)/6. Let g(f) be the first derivative of f**4/4 - 4*f**3/3 + 2*f**2 - 3*f + 1. What is g(p)?
0
Let h(o) = -o**2 + 9*o + 3. Let f(b) = b**2 + 1. Let c = -14 - -16. Let z(y) = c*f(y) + h(y). What is z(-8)?
-3
Let j(b) = b**2 - 4*b + 4. Let i(q) = q**2 + q - 4. Let w be i(-3). Let a be (-9)/w*4/(-6). Give j(a).
1
Suppose -3 + 12 = 3*n. Suppose n*a + 4*u - 2 = -0*a, a + u + 1 = 0. Let h(w) = w**3 + 6*w**2 - 2*w - 7. What is h(a)?
5
Let p(h) = -4*h**2 + h - 6. Let z(n) = -9*n**2 + n - 13. Let x(l) = -7*p(l) + 3*z(l). Give x(4).
3
Let t(o) = -o**3 - 3*o**2 + 4*o - 1. Suppose -3*y + 15 = -0*y, 0 = -4*c + 3*y - 31. Calculate t(c).
-1
Let b(u) = -6*u**2 - 1 + 3*u**2 - 3 + 7*u - u**3 + 2. Calculate b(-5).
13
Let t = 6 + -9. Let v(w) = 6 - 2 + 2*w + 0 - 3. Calculate v(t).
-5
Let h(i) = -i**2 - 4. Let g(x) = -x**2 - 2*x + 5. Let j be g(-4). What is h(j)?
-13
Let b(y) = 2*y + 7*y**2 + 4*y**3 + 3*y + 1 - 3*y**3 - 9. Calculate b(-6).
-2
Suppose 4*a = a + 12. Let v = a - 1. Suppose -3*f - v = -z + 3*z, 2*z = 2*f + 12. Let m(h) = -h**2 + 2*h - 1. Determine m(z).
-4
Let s = -15 - -13. Let t(p) be the third derivative of -p**6/120 - p**5/30 + p**4/24 + p**3/3 - p**2. Calculate t(s).
0
Let j(m) = -5*m - 1. Let n be 4/(-18) + 22/18. Calculate j(n).
-6
Let f(q) = -q**2 + q + 1. Let p be (-2)/5 - 24/15. Let l = 1 - p. Suppose 2*i = l*n - 11, -2*n + 13 = 3*n + 2*i. Give f(n).
-5
Let z(y) = 3*y + 26*y**2 - 13*y**2 + 6*y - 14*y**2 - 9. Calculate z(6).
9
Let o(x) be the third derivative of x**4/12 - 5*x**3/6 + x**2. Let g(t) = -6*t + 14. Let f(r) = 4*g(r) + 11*o(r). Let s = -16 + 13. Determine f(s).
7
Let g(t) = t - 3. Let w(h) = 2*h - 5. Suppose 4 = j - 5*n + 4*n, 0 = 2*j + 2*n - 20. Let v(q) = j*g(q) - 5*w(q). Let p be ((-66)/(-12) + -4)*2. Calculate v(p).
-5
Let m(i) be the second derivative of 0 - 3*i**2 + 1/12*i**4 + 8*i - i**3. Give m(7).
1
Suppose -2*d - 1 = -5. Let n(c) = -3 + 0*c**3 + c**2 - d*c**3 - c + 2. Suppose 7*v - 3 = -10. Calculate n(v).
3
Suppose 5*u - 13 = 4*j, u + 4*j = -7 - 0. Let a(t) = -1 + u + t - 2 + t. Calculate a(2).
2
Let p(z) = -z**2 - 6*z + 1 + 5*z + 4*z. Let u(t) = t - 2. Let q be u(6). Determine p(q).
-3
Let v(b) be the second derivative of b**4/12 - b**3 + b**2 + 4*b. What is v(6)?
2
Let k(o) = o + 1. Let f(u) = 7*u - 1. Let t(s) = f(s) - 2*k(s). Determine t(-4).
-23
Suppose r + 6 = -1. Let m = r - -4. Let p(g) = g - 2. What is p(m)?
-5
Let l(f) be the second derivative of -7/6*f**3 + 5/12*f**4 - 4*f + 0 + 1/20*f**5 - 9/2*f**2. Determine l(-6).
-3
Let k(r) = -2*r**2 + 7*r - 6. Let c(f) = -3*f**2 + 8*f - 7. Let v(u) = -3*c(u) + 4*k(u). Let n be v(-4). Let b(q) = q**2 + 3*q + 1. Give b(n).
1
Let q(i) = -i**3 + 7*i**2 - 7*i + 13. Let l be q(6). Let j(w) = w**2 - 7*w + 9. Give j(l).
9
Let f(c) = -c**2 + 3*c. Let t(w) be the third derivative of -w**5/30 + 7*w**4/24 - 2*w**2. Let d(k) = 5*f(k) - 2*t(k). Suppose s + 16 = -7*s. What is d(s)?
-6
Let w(v) = -3*v - 9. Let p be (-3)/((2/(-4))/(-1)). Determine w(p).
9
Let s = -5 + 7. Suppose -b = s*b + 21. Let q = b - -6. Let w(c) = c**2. Give w(q).
1
Let k(r) be the first derivative of -5 - 3/2*r**2 + 2*r + 1/4*r**4 + 1/3*r**3. Give k(-3).
-7
Let m(v) = -2*v + 2. Let l(r) = r - 1. Let d(f) = 11*l(f) + 4*m(f). What is d(2)?
3
Let s(c) be the first derivative of c**2 + c - 18. Determine s(4).
9
Suppose -3 = -2*n + 5. Let a(i) be the second derivative of i**3/6 + i**2 - 2*i. Give a(n).
6
Suppose 27 = 5*s - 3*a + 37, -4 = 2*s + 2*a. Let t(l) = -l**2 - 1. Let x(n) = 7*n**2 + n + 4. Let c(q) = 4*t(q) + x(q). Calculate c(s).
10
Suppose -20 = -5*f, -2*u + 2*f - 22 = -3*f. Let o(n) = -14*n**3 - 2*n**2 + 1. Calculate o(u).
13
Let l = -6 - -7. Let h(s) = 5*s + s - 1 + 4 - 4. Determine h(l).
5
Let p = -17 - -9. Let a = -7 - p. Let f(r) = 5*r**3 - r**2 + r. Determine f(a).
5
Let u = -7 - -11. Suppose h - 2*h = u. Let o(v) = -3 - v**2 + 0 - 3*v**2 - v**3. Calculate o(h).
-3
Let h = 27 - 25. Suppose c = -3*d + 1, -3*d + 5*c + 28 = -3. Let b(f) = -1 + 6 - 2*f + f**d - 4. What is b(h)?
1
Suppose 15 = 7*r - 20. Let a(i) = 7*i - 11. Let u(h) = -6*h + 10. Let o(f) = -4*a(f) - 5*u(f). Determine o(r).
4
Let x = 1 - -1. Let d = x + -2. Let j(s) be the third derivative of -s**4/24 + s**3/6 + 24*s**2. Give j(d).
1
Suppose 3*r + 3*h + 30 = 0, 5*h - 3 = 2*r - 18. Let b(d) = -3*d + 6. Calculate b(r).
21
Suppose 0 = 4*n - a + 33, 0*a - 5*a + 29 = -3*n. Let c = -12 - n. Let h(j) = 4 + 3*j**2 + j**3 - 2*j - 2*j + 1. Determine h(c).
5
Let l(r) be the first derivative of -r**3/3 - 3*r**2 - 5*r + 198. Let w be 172/14 - (-4)/(-14). Suppose -w = f + f. What is l(f)?
-5
Suppose 5*g - 15 = -5*j, -3*j - 4 = -4*j. Let f(u) be the third derivative of -u**5/20 - u**4/12 - u**3/6 + u**2. What is f(g)?
-2
Suppose 0*m = -2*c + m - 14, 0 = 2*c - 3*m + 22. Let a = -11 - c. Let o(g) = -6*g**2 + 1. Let h(d) = 5*d**2 - d - 1. Let x(p) = 7*h(p) + 6*o(p). Give x(a).
5
Let n(i) = -5*i + 24. Let l(t) = 0 + 6 + 0 - t. Let r(z) = -9*l(z) + 2*n(z). Give r(-6).
0
Let a = 42 + -17. Suppose u = -3*r + 3, 5*u + a = 2*r + 3*r. Let f(o) = 2*o + 1 - 4 + o**2 + 0*o**2. Determine f(u).
0
Let o(t) be the first derivative of -3*t + 1/2*t**2 - 1. Calculate o(0).
-3
Let t(a) = 8*a**3 + a - 3 + 5*a**2 + 4 - 4*a**2. Let d(p) be the third derivative of p**4/24 - 3*p**3/2 - 3*p**2. Let s be d(8). Calculate t(s).
-7
Let u = 11 + -9. Let k(c) = u*c - 31 + 31 - 2*c**2. Determine k(2).
-4
Let w(j) = -j**3 - 5*j**2 + 5*j. Let k = 33 - 20. Suppose -4*q + 3*l - k = -1, -34 = 3*q + 4*l. Give w(q).
6
Let m be (-6)/(-15) + 28/5. Let a = 6 - m. Let b(z) = -z + 0 + 5 - 4. Determine b(a).
1
Let u(m) = 1. Let h(w) = -w**3 + 6*w**2 - 4*w - 10. Let o(j) = -h(j) - 5*u(j). Give o(4).
-11
Let l be (-1 - -3) + 1 + -3. Suppose l*a - 10 = -2*a. Let x(v) = v - 6. Let z(t) = -3*t + 13. Let m(h) = a*x(h) + 2*z(h). Determine m(3).
-7
Suppose 6*z - 3*z = 6. Let f(u) = u**3 - 3*u**2 + 3*u - 3. Determine f(z).
-1
Let x(t) = -t + 2*t - 4*t - 2 + 2*t. Let h be x(0). Let y(g) = 2*g**2 + 3*g + 2. Calculate y(h).
4
Let p(x) = 5*x**3 + x**2 - 1. Suppose 1 + 3 = -4*o. Calculate p(o).
-5
Let u be 54/12 - (-6)/(-4). Let i be (4 + -5 - u) + 0. Let z(x) = x**3 + 4*x**2 - 2*x + 3. Give z(i).
11
Let i = 2 - 2. Let s(f) = -4*f + 3*f + f + 5*f - 7*f**2 + 7. Let j(a) = -4*a**2 + 3*a + 4. Let u(w) = 5*j(w) - 3*s(w). What is u(i)?
-1
Let g be (-14)/8 - (-6)/(-24). Let n(f) = 3*f**2 + 2*f + 1. Calculate n(g).
9
Let k be -1*(-1)/(2 + -1). Let n(s) be the first derivative of 7*s**2/2 + s - 1. Determine n(k).
8
Suppose 4*u + 5 = -3*p, 0 = -4*p + p + 4*u + 35. Let v(z) be the third derivative of -z**6/120 + z**5/10 - z**4/8 - z**3/3 - z**2. Determine v(p).
8
Suppose 4*m - r = 15, m - 3*r + 0 = 1. Suppose 4*s = -2*g + 2, -5*s + 0*s + m*g + 35 = 0. Let p(f) = 4*f**s + 4 - 3*f**3 - 3*f**2 - 3*f - f. Give p(4).
4
Suppose 0 = -4*c - c + 4*t + 5, 5*t - 1 = -c. Let o(b) be the third derivative of b**6/40 - b**3/6 - 19*b**2. What is o(c)?
2
Let p(t) = -5*t**2 - 3*t + 6. Let f(k) be the second derivative of -7/2*k**2 + 2/3*k**3 + 1/2*k**4 + 0 - 3*k. Let y(z) = -4*f(z) - 5*p(z). Give y(0).
-2
Let o = 31/6 + -11/3. Let v(n) be the first derivative of 1 + 2*n + o*n**2. Determine v(-3).
-7
Let d(i) = -i. Suppose -10 = -4*x + 3*o, 3*x - 2*o = -4*o - 1. Determine d(x).
-1
Let t = 10 - 16. Let b be t/9 + 8/(-6). Let x be 5 - (b/2 + 1). Let v(g) = g - 3. Calculate v(x).
2
Let o(y) = 9*y**2 + 1. Let p(k) = -2*k + 3. Let a be p(2). What is o(a)?
10
Let y(m) = -4*m**3 + 5*m**3 + 4 - 2*m**2 + 4*m**2 - 2*m. Let o(v) = v - 1. Let l(q) = 6*q - 4. Let x(h) = -2*l(h) + 11*o(h). Let s be x(0). Calculate y(s).
1
Let b(u) be the second derivative of u**4/4 + 2*u. Suppose -4*r - 12 - 4 = 0. Let p be (1/(-3))/(r/12). Determine b(p).
3
Let r(w) = -w**2 + 6*w + 5. Suppose 0 = -0*x + x - 6. Let z be r(x). Suppose k - z*k + 16 = 0. Let n(q) = -q**3 + 3*q**2 + 2*q + 4. What is n(k)?
-4
Let d(l) = 2*l**2 - 15*l + 16. Let h be d(7). Let u(z) = z**2 - 8*z - 5. Determine u(h).
4
Let f(z) = 43*z**2 - z**3 - 7 - 49*z**2 + 0 - z. What is f(-6)?
-1
Let z(y) = 11*y**3 - 2*y**3 + y - 4*y